e 3*n = 5*s + 234, 4*s - 312 = -8*n + 4*n. Let h = 2 + n. What are the prime factors of h?
2, 5
Let s(h) be the first derivative of h**4/4 + 2*h**3 - 2*h**2 + 14*h + 23. What are the prime factors of s(-5)?
59
Let v = 642 + -186. List the prime factors of v.
2, 3, 19
Let g be 4 + (-1 - (1 + 2)). Suppose -5*j + 395 + 485 = g. Suppose s - 43 = y, 4*s - j = y + 4*y. What are the prime factors of s?
3, 13
Let s = -2210 - -3444. List the prime factors of s.
2, 617
Suppose 2*x + 4*y = -x + 584, x + 2*y = 196. Let n = -97 + x. List the prime factors of n.
5, 19
Let t = 1590 + -282. What are the prime factors of t?
2, 3, 109
Let h = -24 - -27. Suppose -t + 6*t = -4*o + 79, -h*t + 81 = 4*o. What are the prime factors of o?
3, 7
Suppose 3*z - 11 + 5 = 0. Let o be (15/z)/(-5)*-2. Suppose -r - o*r = -76. List the prime factors of r.
19
Let d = -7 + 13. Let o be 6/(-2)*(-1 + -2 - -1). Let u = o + d. What are the prime factors of u?
2, 3
Let r(w) = -w**3 + 3*w**2 + 9*w + 5. Let u be r(5). Let k(a) = a**2 + a + 184. What are the prime factors of k(u)?
2, 23
Suppose -34 = -k - 0*k. Suppose v - k = 87. What are the prime factors of v?
11
Let m(l) = -l**3 - 7*l**2 + 4. Suppose -10 = -2*u, -5*n + 0*n = -2*u + 45. Let q be m(n). Suppose -q*i + 55 = -85. What are the prime factors of i?
5, 7
Let v = 5 + -1. Suppose -l + 790 = v*l. List the prime factors of (-4)/14 - l/(-14).
11
Suppose 0 = -4*n + 8*b - 4*b + 3064, 1526 = 2*n - 4*b. What are the prime factors of n?
769
Suppose y = 2*p + 5, -y - p - 10 = 2*p. List the prime factors of (5/(25/(-295)))/y.
59
Suppose 0 = 5*l - 3*o - 149, -3*l - 4*o + 44 = -l. Suppose 0 = -7*y + 91 - l. What are the prime factors of y?
3
Let a(w) be the first derivative of w**3/3 + 2*w**2 - 7*w + 6. List the prime factors of a(14).
5, 7
Let x = 1720 + 892. List the prime factors of x.
2, 653
Suppose -w - 8 = -3*g, -g - 2*w = g - 8. Let a(r) = 2*r**3 + 3*r**2 - 5*r - 4. Let t be a(g). Let v = t + -19. List the prime factors of v.
43
Let m be 2*-10*3/(-3). Let q = m - -1. Suppose 0*k = -3*k + q. What are the prime factors of k?
7
Let j(i) = 12*i**2 + 31*i + 101. What are the prime factors of j(-6)?
347
Suppose 2*z = -t + 774, 0 = 2*z + 18*t - 21*t - 782. What are the prime factors of z?
2, 97
Suppose 13*v + 11*v - 18552 = 0. What are the prime factors of v?
773
Suppose 0 = -4*s + 4*k + 84, 0*s - 27 = -s + 4*k. Suppose -2*o + s = 4*m - 13, -m = -2*o - 3. Suppose 52 = 11*h - m*h. What are the prime factors of h?
13
Let z(n) = -n**3 - n. Let s be z(0). Suppose s = 2*x + 2*x - 12. Suppose -x*j = -51 - 27. What are the prime factors of j?
2, 13
Suppose 0 = 4*a - 5*a - 11. Let d = -13 - a. Let u = 10 - d. What are the prime factors of u?
2, 3
Let r = -152 - -73. Let n = 38 - r. What are the prime factors of n?
3, 13
Suppose 2 - 20 = -b. Suppose -l - 2*t = -8, -b = -5*t - 3. Suppose -400 = -7*k + l*k. What are the prime factors of k?
2, 5
Let d(k) = -k**3 - 21*k**2 + 39*k - 49. What are the prime factors of d(-24)?
743
Suppose -3*j + 47*v - 48*v + 2527 = 0, -5*j = -2*v - 4230. What are the prime factors of j?
2, 211
Let a(p) = p**3 - p**2 - 2*p - 1. Let t be a(-1). Let l be 10/(-6)*5/(10/6). Let j = t - l. List the prime factors of j.
2
Let x = 515 + -22. What are the prime factors of x?
17, 29
Suppose -4*u + 3*d + 0 = -3, 2*u = -2*d - 2. Suppose 5*n - 449 - 61 = u. List the prime factors of n.
2, 3, 17
Let h(q) = 48*q + 4. Suppose 5 = 3*f - 1. List the prime factors of h(f).
2, 5
Suppose -6*a = 7*a - 65. Let b(s) be the second derivative of s**5/20 - s**4/3 - s**3/6 + 2*s**2 - s. What are the prime factors of b(a)?
2, 3
Suppose 9*i + 13104 = 21*i. List the prime factors of i.
2, 3, 7, 13
Let o(z) = z + 2. Let w be o(-6). Let i be 6/(-1 - (w + 1)). Let f(y) = 4*y**2 - y + 4. What are the prime factors of f(i)?
37
Let b(d) = 4*d - 13. Let i be b(4). Let g be -39*1*(-4 + i). Let p = -33 + g. What are the prime factors of p?
2, 3
List the prime factors of 20*(2 - (-879)/15).
2, 3, 101
Let l be (7/(70/(-155)))/((-1)/2). Let o = 49 + l. What are the prime factors of o?
2, 5
Let g be (((-72)/16)/9)/(2/12). Suppose 6*c = 3*c + 30. What are the prime factors of (36/(-15))/(g/c)?
2
Let i(h) = -h**2 - 7*h - 6. Suppose 0 = 10*z + 19 + 21. List the prime factors of i(z).
2, 3
Let v(y) = 9*y - 7*y**2 + 2*y**2 - 6 + 3*y**2 + y**2. What are the prime factors of v(6)?
2, 3
Suppose -9*n - 31 = 32. List the prime factors of (-3 + 4*n)*-1.
31
Let h(z) = -12*z**3 - 2*z**2 + 2*z. Let w be h(1). Let m(q) = -q**3 - 11*q**2 + 2*q - 19. List the prime factors of m(w).
101
Suppose 0 = 25*y - 10335 + 1135. List the prime factors of y.
2, 23
Let g(j) = j**3 + 20*j**2 - 13*j - 14. List the prime factors of g(-20).
2, 3, 41
Suppose 0 = -3*c - 4*a + 73, -c - 3*c = a - 119. Let u = c + -28. Suppose -u*z + 3*x + 186 = 0, -15 = -2*x - x. List the prime factors of z.
67
Let a(j) = j**3 + 15*j**2 - 4*j - 63. What are the prime factors of a(-11)?
3, 5, 31
Let s(t) be the third derivative of -t**6/120 + 3*t**5/20 + 2*t**4/3 - 19*t**3/6 + 5*t**2. List the prime factors of s(9).
5
Suppose 2*x - w - 151 = 0, -277 = 8*x - 12*x - 3*w. What are the prime factors of x?
73
Let p(h) = 8*h**2 + 3*h + 4. Let a be p(-2). Suppose i = -3*g + 4*i + a, 3*i = 6. List the prime factors of 682/g + 8/48.
3, 19
Suppose -131*t + 134*t - 4224 = 0. List the prime factors of t.
2, 11
List the prime factors of -2*1*70414/(-76).
17, 109
Suppose 4*q - 26 = -4*t + 14, t - 5 = 0. Suppose 440 = z + q*f, 405 = 3*z - 2*z - 2*f. What are the prime factors of z/15 + (-4)/6?
3
Let a(h) = 17*h + 155. List the prime factors of a(48).
971
Suppose 6*q + 6794 = 18386. What are the prime factors of q?
2, 3, 7, 23
Suppose 4*x = -8, -q + 6*q - 2*x = 2759. List the prime factors of q.
19, 29
Suppose 3*x = -5*m + 15, -x = -2*m - m + 9. Suppose 0 = m*j - 6*j + 24. Suppose 5*h + 5*u - 40 = 3*u, -u + j = h. List the prime factors of h.
2
Let j = 154 + -160. List the prime factors of (-3)/(5/(2390/j)).
239
Let j = 21 - 23. Let r be -1 + (j/(-1) - -3). Suppose -s + 122 = s + r*q, 0 = -2*q - 8. What are the prime factors of s?
3, 23
Let p = 0 - 25. Let o = p - -27. Suppose 0 = -5*y - 2*m + 241, -3*y + o*y - 5*m = -39. What are the prime factors of y?
7
Suppose 27 + 453 = 4*s. Suppose 4*j = -4*n - s, -4*n + 57 = 2*j + 187. Let m = 64 + n. List the prime factors of m.
29
Let v(n) = -n**2 + 10*n - 14. Let q be v(6). Let r(a) = 15*a - 15. Let g be r(q). Suppose -4*h - h = -g. List the prime factors of h.
3
List the prime factors of 2460/(-10)*(-6 - -4).
2, 3, 41
Let d = 904 - -9. What are the prime factors of d?
11, 83
Let p be 4/8*(1 - 1). Suppose 4 = n - p. Suppose -n = -4*s, 2*f + s - 101 = -4*s. What are the prime factors of f?
2, 3
Let k = 270 - -147. List the prime factors of k.
3, 139
Suppose -5*b + 3*x = -x + 14, 0 = -5*x - 20. Let h(d) = -d**2 - 4*d + 5. Let u be h(b). Let c = u - -19. List the prime factors of c.
2, 3
Let m = 516 + -19. Suppose 9*c - m = 1294. List the prime factors of c.
199
Let y(r) = r**3 - 15*r**2 + 14*r - 144. List the prime factors of y(21).
2, 3, 233
Let f = 438 + 139. What are the prime factors of f?
577
Let l be 119/(-56) - (-2)/16. List the prime factors of (13/(-2))/(l/12).
3, 13
Suppose 2*k - 2336 - 1126 = 0. What are the prime factors of k?
3, 577
Let d be 115*((-9)/(-5) + 0). Suppose -d - 64 = -4*f + 3*w, 0 = f + 3*w - 64. Let b = -45 + f. What are the prime factors of b?
2, 11
Let q = -525 - -1073. List the prime factors of q.
2, 137
Let d(l) = l**2 + 10*l - 16. Let x(f) = -f**2 + f + 1. Let t(a) = -d(a) - 2*x(a). What are the prime factors of t(12)?
2, 7
Suppose -p - 4 = 5*n - 27, 4*p = 3*n. Suppose -4*m + 214 = 5*y, 0*m + n*m - 210 = -3*y. List the prime factors of m.
3, 17
Let h be (6 - 9/(-3))/((-3)/(-2)). Suppose -291 = -5*u + 3*t, 0 = -t - t + h. What are the prime factors of u?
2, 3, 5
What are the prime factors of -126*((-308)/8)/7?
3, 7, 11
Let f = 935 + -428. List the prime factors of f.
3, 13
Let d(p) = -37*p + 39. List the prime factors of d(-4).
11, 17
Let t = -1786 - -1872. List the prime factors of t.
2, 43
Suppose -5*r - 3*k - 19 = 0, 3*k + 5 = 4*r + 4. Let n = 6 - r. Suppose 0 = -n*c + 7*c + 16. What are the prime factors of c?
2
Suppose -7*q + 2*q + 500 = 0. Let y = 103 + q